86018. Determine l(17).
-112
Let r(u) = -215*u**2 - 218*u - 250. Calculate r(-5).
-4535
Let u(h) = -622*h + 2478. Calculate u(4).
-10
Let t(p) = 2014*p + 20565. Calculate t(-10).
425
Let n(r) = -r**3 + 26*r**2 - 30*r + 1025. Calculate n(25).
900
Let w(g) = 401*g + 9121. Give w(-23).
-102
Let u(w) = w**3 + 53*w**2 - 17*w + 1083. What is u(-54)?
-915
Let v(p) = 9*p**3 + 3484*p**2 + 394*p + 2697. Determine v(-387).
-12
Let x(b) = 7*b**3 + 459*b**2 - 207*b - 246. Determine x(-66).
348
Let g(k) = -35*k**2 + 3369*k - 241. Calculate g(96).
623
Let s(v) = -1073*v + 196369. Give s(183).
10
Let b(g) = -g**3 - 135*g**2 + 4951*g - 14. Give b(30).
16
Let z(f) = f**3 + 80*f**2 + 62*f - 1313. Calculate z(-79).
30
Let a(i) = 2*i**3 + 18*i**2 + 6766*i + 61028. What is a(-9)?
134
Let h(m) = -102*m**2 - 17844*m + 880. Give h(-175).
-170
Let g(p) = -74*p**2 + 22309*p - 10545. What is g(301)?
-10
Let f(m) = -322*m + 633. Give f(1).
311
Let n(a) = 287*a - 16575. What is n(59)?
358
Let v(a) = 2*a**2 + 223*a + 2447. Calculate v(-89).
-1558
Let n(k) = 68*k + 3969. What is n(-75)?
-1131
Let u(n) = 8197*n**2 - 49195*n + 49. Determine u(6).
-29
Let b(t) = -t**3 - 17*t**2 + 363*t + 6294. Determine b(-17).
123
Let m(q) = -197793*q - 2175734. Determine m(-11).
-11
Let k(u) = -u**3 - 202*u**2 - 181*u + 4007. Give k(-201).
-13
Let f(t) = t**3 + 108*t**2 + 2756*t + 7039. Determine f(-35).
4
Let g(u) = -4*u**3 - 14*u**2 - 338*u - 2049. Determine g(-6).
339
Let m(s) = -2*s**3 - 20*s**2 + 1715*s + 10567. What is m(-6)?
-11
Let u(q) = 4*q**3 - 17*q**2 - 1087*q + 5348. What is u(5)?
-12
Let i(c) = -c**2 + 51*c + 7123. Determine i(109).
801
Let h(j) = j**3 - 109*j**2 + 1557*j + 639. What is h(92)?
-5
Let b(v) = -75*v**2 + 1053*v + 1047. Determine b(-1).
-81
Let d(q) = 18125*q + 217227. Calculate d(-12).
-273
Let m(d) = -d**3 - 59*d**2 - 118*d + 33. Determine m(-58).
3513
Let g(y) = -16*y**2 + 177*y - 1633. Determine g(10).
-1463
Let r(a) = a**2 - 1877*a + 7547. What is r(4)?
55
Let f(b) = 10101*b - 52111. Give f(5).
-1606
Let g(q) = q**3 + 692*q**2 + 2088*q + 14445. Determine g(-689).
-24
Let u(v) = -36061*v - 799. Calculate u(0).
-799
Let j(i) = 468*i**2 + 423*i + 1288. What is j(-3)?
4231
Let j(v) = v**3 - 718*v**2 + 1500*v - 48671. Give j(716).
17
Let t(k) = -2*k**3 - 76*k**2 - 99*k - 960. Determine t(-37).
-35
Let m(o) = -13089*o + 313719. Calculate m(24).
-417
Let i(o) = -36*o**2 + 892*o + 33. What is i(25)?
-167
Let p(v) = -v**3 - 7583*v**2 - 68170*v - 4. Give p(-9).
32
Let w(c) = 80*c**3 - 89*c**2 + 26*c + 2. What is w(2)?
338
Let w(b) = 5*b**2 - 2767*b - 164060. Give w(-54).
-62
Let l(u) = -26*u**3 - 424*u**2 + 81*u + 3362. What is l(-16)?
18
Let h(c) = -c**2 + 98*c + 3880. Determine h(-30).
40
Let r(m) = 11*m**3 - 4*m**2 - m + 45. Determine r(5).
1315
Let v(y) = 13*y**2 - 606*y - 21273. Determine v(70).
7
Let u(r) = -r**3 + 4*r**2 + 46*r + 348. Give u(11).
7
Let m(u) = u**3 - 34*u**2 + 178*u - 270. What is m(25)?
-1445
Let q(g) = 2*g**2 + 1117*g + 72923. Calculate q(-483).
-10
Let v(z) = 9508*z + 104804. What is v(-11)?
216
Let l(h) = -77*h**2 + 4*h - 149. Calculate l(5).
-2054
Let z(v) = -41*v**3 + 243*v**2 + 21*v + 15. Determine z(6).
33
Let u(c) = -17*c**2 + 130*c - 613. Determine u(4).
-365
Let r(c) = -51953*c + 207831. Give r(4).
19
Let j(k) = -2*k**3 - 35*k**2 + 241*k + 1963. Determine j(-21).
-11
Let t(h) = -34*h**2 + 4297*h + 41441. Determine t(-9).
14
Let z(w) = -51*w**2 + 421*w - 198. Give z(8).
-94
Let w(f) = -5511*f + 192889. Calculate w(35).
4
Let b(m) = m**3 - 227*m**2 - 1337*m + 353262. Determine b(226).
24
Let a(l) = 10*l**2 - 2083*l - 1458. Calculate a(209).
5
Let p(a) = -9115*a - 4028823. Determine p(-442).
7
Let g(l) = 851*l + 410. Give g(1).
1261
Let u(w) = -w**2 + 18*w + 1209. Give u(0).
1209
Let y(g) = 9*g**3 - 6*g**2 - 367*g - 720. Calculate y(-2).
-82
Let x(a) = -2*a**2 - 5774*a + 192674. Give x(33).
-46
Let h(b) = 6*b**2 + 388*b + 187. What is h(-64)?
-69
Let t(s) = s**2 + 186*s + 843. Calculate t(-182).
115
Let l(x) = -46678*x + 140063. Determine l(3).
29
Let l(q) = -1923*q - 6337. Calculate l(-3).
-568
Let p(z) = -2*z**2 - 847*z + 47357. Determine p(50).
7
Let v(n) = 983*n - 339145. Determine v(345).
-10
Let a(p) = 4*p - 877. What is a(155)?
-257
Let b(k) = -494*k**2 - 4414*k + 7. Calculate b(-9).
-281
Let z(f) = -310189*f - 2171335. What is z(-7)?
-12
Let w(o) = -7*o**3 + 31*o**2 - 14*o + 22. Give w(4).
14
Let j(x) = 21145*x + 42283. Give j(-2).
-7
Let r(o) = o**3 + 113*o**2 - 393*o - 5270. Determine r(-116).
-50
Let w(t) = 7*t**2 - 4316*t - 69232. Give w(-16).
1616
Let h(p) = -p**3 + 646*p**2 - 1769*p - 102878. Calculate h(643).
2
Let w(t) = -2*t**3 + 220*t**2 - 2185*t - 33. What is w(11)?
-110
Let h(g) = 885*g**2 + 14153*g - 122. Give h(-16).
-10
Let k(a) = -6068*a - 1104376. What is k(-182)?
0
Let j(n) = 24*n**2 + 6269*n + 60283. Give j(-10).
-7
Let s(m) = 18973*m + 114122. What is s(-6)?
284
Let m(c) = 8*c**2 - 1730*c + 77967. Give m(64).
15
Let v(b) = 663*b + 69281. Calculate v(-105).
-334
Let n(o) = 2308*o**2 - 73860*o + 163. Determine n(32).
35
Let t(x) = 2892*x - 8873. Give t(4).
2695
Let b(l) = -l**3 - 289*l**2 - 4122*l - 3208. Calculate b(-274).
80
Let u(f) = 12*f**3 + 6*f**2 + 139*f + 443. Determine u(-4).
-785
Let y(n) = -n**3 - 6*n**2 + 10*n + 168. What is y(10)?
-1332
Let o(y) = -11809*y + 117079. Calculate o(10).
-1011
Let g(s) = 8*s**2 - 481*s + 515. Give g(59).
-16
Let p(f) = 1808*f - 14477. Determine p(8).
-13
Let r(k) = -9*k**2 - 506*k + 238. Determine r(-57).
-161
Let p(d) = 12*d**2 - 2331*d - 376. What is p(194)?
-958
Let h(z) = 4*z**3 + 10*z**2 - 536*z - 1578. What is h(-3)?
12
Let f(x) = 169*x**2 + 5882*x + 34. Determine f(-35).
1189
Let s(y) = -21*y**2 - 2532*y + 17152. What is s(-127)?
7
Let f(z) = z**3 + 24*z**2 - 2269*z - 56104. Calculate f(-25).
-4
Let m(w) = w**3 - 44*w**2 + 633*w + 2331. Determine m(-3).
9
Let k(o) = -2*o**3 + 100*o**2 - 278*o - 191. What is k(47)?
-3
Let p(z) = -2*z**3 - 68*z**2 + 66*z - 149. Give p(-35).
-9
Let p(l) = 1424*l + 19866. Determine p(-14).
-70
Let f(b) = b**3 - 6*b**2 - 1469*b + 10230. What is f(7)?
-4
Let b(q) = 927*q - 1509. What is b(1)?
-582
Let a(z) = 845*z**2 + 9339*z + 253. Determine a(-11).
-231
Let w(u) = u**2 - 131*u - 2824. What is w(-17)?
-308
Let t(p) = -4714*p - 711809. Determine t(-151).
5
Let w(p) = -p**2 - 228*p + 4756. Give w(19).
63
Let u(w) = 106*w + 22569. What is u(-213)?
-9
Let b(r) = -5*r**3 + 613*r**2 + 240*r + 415. Give b(123).
-323
Let u(b) = 1350*b - 9311. What is u(8)?
1489
Let p(f) = -f**3 - 98*f**2 + 426*f + 916. Determine p(-102).
-920
Let r(q) = -190*q + 84. Determine r(10).
-1816
Let t(x) = -2*x**3 - 42*x**2 - 199*x + 653. Calculate t(-14).
695
Let b(k) = k**3 + 46*k**2 - 755*k + 296. What is b(-59)?
-412
Let o(n) = 76*n - 3571. Calculate o(37).
-759
Let o(r) = 751*r - 21790. Calculate o(29).
-11
Let v(x) = 4610204*x - 41491836. Calculate v(9).
0
Let z(c) = c**2 + 39*c - 1803. Determine z(-52).
-1127
Let g(y) = -8*y**3 - 46*y**2 - 32*y - 308. Calculate g(-7).
406
Let k(d) = 33076*d + 132302. What is k(-4)?
-2
Let m(c) = 2*c**2 + 85416*c + 597842. What is m(-7)?
28
Let t(x) = 546*x + 298141. Determine t(-546).
25
Let g(p) = -5698*p - 45657. Give g(-8).
-73
Let n(p) = -3*p**3 - 33*p**2 + 17*p + 24. Calculate n(-11).
-163
Let b(c) = -c**3 - 74*c**2 + 126*c - 1787. Give b(-76).
189
Let p(o) = -2*o**3 + 34*o**2 + 29*o + 151. Give p(18).
25
Let g(x) = 8*x**2 + 67*x - 4. Give g(-12).
344
Let a(q) = 4891814*q + 14675437. Give a(-3).
-5
Let y(p) = p**3 + 50*p**2 + p - 4915. Give y(-48).
-355
Let s(a) = -a**2 - 108*a - 2942. Give s(-52).
-30
Let j(i) = -94*i**3 - 8275*i**2 - 271*i - 617. Calculate j(-88).
-1
Let s(w) = w**2 - 67*w - 4819. Give s(113).
379
Let z(x) = -730*x**2 - 25558*x - 286. What is z(-35)?
-6
Let n(t) = -t**3 + 18*t**2 + 10*t - 1291. Determine n(14).
-367
Let i(p) = -1172*p - 34036. Give i(-29).
-48
Let j(f) = -19791*f - 653170. Calculate j(-33).
-67
Let q(w) = -116754*w - 1167516. Calculate q(-10).
24
Let p(k) = -k**3 - 12*k**2 + 64*k - 158. What is p(-15)?
-443
Let y(o) = 17139*o + 34685. Give y(-2).
407
Let v(j) = j**3 - 551*j**2 - 19896*j + 3375. Determine v(585).
-135
Let x(y) = 7*y**2 - 2290*y - 23358. Give x(337).
-105
Let q(s) = 42